{"id":212,"date":"2015-11-15T22:18:40","date_gmt":"2015-11-15T19:18:40","guid":{"rendered":"http:\/\/deili.fi\/?page_id=212"},"modified":"2015-11-15T22:39:41","modified_gmt":"2015-11-15T19:39:41","slug":"byggutrustning","status":"publish","type":"page","link":"http:\/\/deili.fi\/?page_id=212","title":{"rendered":"Bygg\/Rakennus"},"content":{"rendered":"<p><a href=\"http:\/\/deili.fi\/wp-content\/uploads\/2015\/11\/makita-dhp453fre209520_Normal_Large-2.jpg\"><img loading=\"lazy\" class=\"aligncenter size-medium wp-image-213\" src=\"http:\/\/deili.fi\/wp-content\/uploads\/2015\/11\/makita-dhp453fre209520_Normal_Large-2-290x220.jpg\" alt=\"makita-dhp453fre(209520)_Normal_Large-2\" width=\"290\" height=\"220\" \/><\/a><\/p>\n<p style=\"text-align: center;\">Stark och p\u00e5litlig borrmaskin med dubbla akkun enligt bild<\/p>\n<p style=\"text-align: center;\">Vahva ja luotettava porakone kahdella akulla<\/p>\n<p style=\"text-align: center;\">Pris\/Hinta: 10\u20ac dygn\/vrk<\/p>\n<p>&nbsp;<\/p>\n<p><a href=\"http:\/\/deili.fi\/wp-content\/uploads\/2015\/11\/d075b3bde7168523f81972fddb1d008b.jpg\"><img loading=\"lazy\" class=\"aligncenter size-medium wp-image-214\" src=\"http:\/\/deili.fi\/wp-content\/uploads\/2015\/11\/d075b3bde7168523f81972fddb1d008b-290x220.jpg\" alt=\"d075b3bde7168523f81972fddb1d008b\" width=\"290\" height=\"220\" \/><\/a><\/p>\n<p>&nbsp;<\/p>\n<p style=\"text-align: center;\">Tyst och precis bordss\u00e5g<\/p>\n<p style=\"text-align: center;\">Hiljainen ja tarkka p\u00f6yt\u00e4saha<\/p>\n<p style=\"text-align: center;\">Pris\/Hinta: 12\u20ac dygn\/vrk<\/p>\n<p style=\"text-align: center;\"><a href=\"http:\/\/deili.fi\/wp-content\/uploads\/2015\/11\/500647685_1.jpg\"><img loading=\"lazy\" class=\"aligncenter size-medium wp-image-219\" src=\"http:\/\/deili.fi\/wp-content\/uploads\/2015\/11\/500647685_1-234x220.jpg\" alt=\"500647685_1\" width=\"234\" height=\"220\" \/><\/a><\/p>\n<p style=\"text-align: center;\">Dyckert spikpistol<\/p>\n<p style=\"text-align: center;\">Listanaulakone<\/p>\n<p style=\"text-align: center;\">Pris\/Hinta: 5\u20ac dygn\/vrk<\/p>\n<p style=\"text-align: center;\"><a href=\"http:\/\/deili.fi\/wp-content\/uploads\/2015\/11\/4010350.jpeg\"><img loading=\"lazy\" class=\"aligncenter size-medium wp-image-221\" src=\"http:\/\/deili.fi\/wp-content\/uploads\/2015\/11\/4010350-290x220.jpeg\" alt=\"4010350\" width=\"290\" height=\"220\" \/><\/a><\/p>\n<p style=\"text-align: center;\">Liten byggkompressor<\/p>\n<p style=\"text-align: center;\">Pieni rakennuskompura<\/p>\n<p style=\"text-align: center;\">Pris\/Hinta: 10\u20ac dygn\/vrk<\/p>\n<p style=\"text-align: center;\"><a href=\"http:\/\/deili.fi\/wp-content\/uploads\/2015\/11\/RKB31_ETF360-460-330.jpg\"><img loading=\"lazy\" class=\"aligncenter size-medium wp-image-223\" src=\"http:\/\/deili.fi\/wp-content\/uploads\/2015\/11\/RKB31_ETF360-460-330-290x220.jpg\" alt=\"RKB31_ETF360-460 330\" width=\"290\" height=\"220\" \/><\/a><\/p>\n<p style=\"text-align: center;\">Luft avfuktare<\/p>\n<p style=\"text-align: center;\">Ilman kosteudenpoistaja<\/p>\n<p style=\"text-align: center;\">Pris\/Hinta: 12\u20ac dygn\/vrk<\/p>\n<p style=\"text-align: center;\">\n<p style=\"text-align: center;\">\n","protected":false},"excerpt":{"rendered":"<p>Stark och p\u00e5litlig borrmaskin med dubbla akkun enligt bild Vahva ja luotettava porakone kahdella akulla Pris\/Hinta: 10\u20ac dygn\/vrk &nbsp; &nbsp; Tyst och precis bordss\u00e5g Hiljainen ja tarkka p\u00f6yt\u00e4saha Pris\/Hinta: 12\u20ac dygn\/vrk Dyckert spikpistol Listanaulakone Pris\/Hinta: 5\u20ac dygn\/vrk Liten byggkompressor Pieni rakennuskompura Pris\/Hinta: 10\u20ac dygn\/vrk Luft avfuktare Ilman kosteudenpoistaja Pris\/Hinta: 12\u20ac dygn\/vrk<\/p>\n","protected":false},"author":1,"featured_media":0,"parent":38,"menu_order":0,"comment_status":"closed","ping_status":"open","template":"","meta":[],"_links":{"self":[{"href":"http:\/\/deili.fi\/index.php?rest_route=\/wp\/v2\/pages\/212"}],"collection":[{"href":"http:\/\/deili.fi\/index.php?rest_route=\/wp\/v2\/pages"}],"about":[{"href":"http:\/\/deili.fi\/index.php?rest_route=\/wp\/v2\/types\/page"}],"author":[{"embeddable":true,"href":"http:\/\/deili.fi\/index.php?rest_route=\/wp\/v2\/users\/1"}],"replies":[{"embeddable":true,"href":"http:\/\/deili.fi\/index.php?rest_route=%2Fwp%2Fv2%2Fcomments&post=212"}],"version-history":[{"count":6,"href":"http:\/\/deili.fi\/index.php?rest_route=\/wp\/v2\/pages\/212\/revisions"}],"predecessor-version":[{"id":220,"href":"http:\/\/deili.fi\/index.php?rest_route=\/wp\/v2\/pages\/212\/revisions\/220"}],"up":[{"embeddable":true,"href":"http:\/\/deili.fi\/index.php?rest_route=\/wp\/v2\/pages\/38"}],"wp:attachment":[{"href":"http:\/\/deili.fi\/index.php?rest_route=%2Fwp%2Fv2%2Fmedia&parent=212"}],"curies":[{"name":"wp","href":"https:\/\/api.w.org\/{rel}","templated":true}]}}