{"id":36,"date":"2015-04-07T22:34:38","date_gmt":"2015-04-07T19:34:38","guid":{"rendered":"http:\/\/deili.fi\/?page_id=36"},"modified":"2021-10-20T22:03:29","modified_gmt":"2021-10-20T19:03:29","slug":"volvo-v70-d3","status":"publish","type":"page","link":"http:\/\/deili.fi\/?page_id=36","title":{"rendered":"Vw Passat Gte (D-klass)"},"content":{"rendered":"<p style=\"text-align: center;\"><strong>En stor familjebil eller varf\u00f6r inte f\u00f6r en trivsam l\u00e4ngre resa.<\/strong><\/p>\n<p style=\"text-align: center;\"><strong>Iso perheauto tai miksei pidemm\u00e4lle matkalle ajomukavuutta.<\/strong><\/p>\n<p style=\"text-align: center;\">1,4 plug-in hybrid bensinmotor<\/p>\n<p style=\"text-align: center;\">4 d\u00f6rrar\/ovea<\/p>\n<p style=\"text-align: center;\">aut. AC<\/p>\n<p style=\"text-align: center;\">aut. v\u00e4xell\u00e5da\/vaihteisto<\/p>\n<p style=\"text-align: center;\">cruise control<\/p>\n<p style=\"text-align: center;\">bluetooth handsfree<\/p>\n<p style=\"text-align: center;\">AUX\/USB-stereo<\/p>\n<p style=\"text-align: center;\">city safety<\/p>\n<p style=\"text-align: center;\">stop n\u00b4go<\/p>\n<p style=\"text-align: center;\">f\u00f6rs\u00e4kring ing\u00e5r (sj\u00e4lvrisk 700\u20ac)<\/p>\n<p style=\"text-align: center;\">vakuutus sis. (omavastuu 700\u20ac)<\/p>\n","protected":false},"excerpt":{"rendered":"<p>En stor familjebil eller varf\u00f6r inte f\u00f6r en trivsam l\u00e4ngre resa. Iso perheauto tai miksei pidemm\u00e4lle matkalle ajomukavuutta. 1,4 plug-in hybrid bensinmotor 4 d\u00f6rrar\/ovea aut. AC aut. v\u00e4xell\u00e5da\/vaihteisto cruise control bluetooth handsfree AUX\/USB-stereo city safety stop n\u00b4go f\u00f6rs\u00e4kring ing\u00e5r (sj\u00e4lvrisk 700\u20ac) vakuutus sis. (omavastuu 700\u20ac)<\/p>\n","protected":false},"author":1,"featured_media":322,"parent":26,"menu_order":4,"comment_status":"closed","ping_status":"closed","template":"","meta":[],"_links":{"self":[{"href":"http:\/\/deili.fi\/index.php?rest_route=\/wp\/v2\/pages\/36"}],"collection":[{"href":"http:\/\/deili.fi\/index.php?rest_route=\/wp\/v2\/pages"}],"about":[{"href":"http:\/\/deili.fi\/index.php?rest_route=\/wp\/v2\/types\/page"}],"author":[{"embeddable":true,"href":"http:\/\/deili.fi\/index.php?rest_route=\/wp\/v2\/users\/1"}],"replies":[{"embeddable":true,"href":"http:\/\/deili.fi\/index.php?rest_route=%2Fwp%2Fv2%2Fcomments&post=36"}],"version-history":[{"count":6,"href":"http:\/\/deili.fi\/index.php?rest_route=\/wp\/v2\/pages\/36\/revisions"}],"predecessor-version":[{"id":323,"href":"http:\/\/deili.fi\/index.php?rest_route=\/wp\/v2\/pages\/36\/revisions\/323"}],"up":[{"embeddable":true,"href":"http:\/\/deili.fi\/index.php?rest_route=\/wp\/v2\/pages\/26"}],"wp:featuredmedia":[{"embeddable":true,"href":"http:\/\/deili.fi\/index.php?rest_route=\/wp\/v2\/media\/322"}],"wp:attachment":[{"href":"http:\/\/deili.fi\/index.php?rest_route=%2Fwp%2Fv2%2Fmedia&parent=36"}],"curies":[{"name":"wp","href":"https:\/\/api.w.org\/{rel}","templated":true}]}}